se 3*a - 50 = -2*b, -4*a - g*b - b + 68 = 0. List the prime factors of a.
2, 7
Suppose -13*g + 12860 = 4813. What are the prime factors of g?
619
Let d(i) = i**3 - 5*i**2 - 23*i - 13. What are the prime factors of d(11)?
2, 5, 23
Suppose -4*o = v - 1310, -2*v + 3*v = -o + 326. List the prime factors of o.
2, 41
Let f(v) = -v**3 - 3*v**2 + v + 1. Let w be f(-2). Let u(i) = i**2 + 5*i + 20. What are the prime factors of u(w)?
2, 5
Let n = 54 + -47. Let g(z) = z**2 - 2*z**2 + 9*z - 6 + 0. What are the prime factors of g(n)?
2
Let a(p) = -5*p**2 + 9*p - 21. Let h(y) = -4*y**2 + 9*y - 20. Let o(z) = -6*a(z) + 7*h(z). What are the prime factors of o(4)?
2, 3
Suppose -6 = r - 7. Let f(v) = -2*v + 9. Let o be f(8). Let w = r - o. What are the prime factors of w?
2
What are the prime factors of ((-63)/(-42))/(2/540)?
3, 5
Let x = 27 + -26. List the prime factors of 5*x*(-345)/(-25).
3, 23
Suppose -3*d + 31 = -5*r, d + 3*r - 8 = -21. What are the prime factors of (180/8 - d)*14?
7, 41
Let b = 47 - -216. What are the prime factors of b?
263
Let g = -11 - -16. Suppose -3*l + g*n = -569, 3*l - 2*n = 2*n + 565. Suppose -5*f + 0*z + 4*z + l = 0, 2*f - 75 = z. What are the prime factors of f?
3, 13
Suppose p + 3*t = 2022, 3*p + 2*t - 1994 = 4086. List the prime factors of p.
2, 3, 13
Suppose -5*t + 1291 = -3*t - y, -3*t = -2*y - 1938. List the prime factors of t.
2, 7, 23
Suppose z = 5*n - 3969, -4765 = -6*n - 15*z + 14*z. What are the prime factors of n?
2, 397
Let n(t) = 96*t + 40. List the prime factors of n(4).
2, 53
Suppose -567*j + 545*j = -32142. List the prime factors of j.
3, 487
Let f(m) = m**3 - 6*m**2 - 13*m + 6. List the prime factors of f(11).
2, 3, 13
Let i = 88 + -58. Suppose n = 10*n - 540. Let r = n - i. List the prime factors of r.
2, 3, 5
Suppose -21*p = -11*p - 4100. What are the prime factors of p?
2, 5, 41
Suppose -3*t + w + 2059 = -4*w, 4*t - 5*w - 2747 = 0. List the prime factors of t.
2, 43
Suppose n - 14 = -q, 2*n - 3*n + 5*q + 26 = 0. Suppose -n*o = -19*o + 111. What are the prime factors of o?
37
Suppose 0 = -27*i + 31*i - 2300. What are the prime factors of i?
5, 23
Let f(r) = -2*r**2 + 47*r + 9. What are the prime factors of f(19)?
2, 3, 5
List the prime factors of (23008/24)/((-14)/(-21)) + 1.
1439
Let f be (4/2 - 1) + 3. Let j be (6 - f) + (1 - 1). Suppose 0 = -0*u + j*u - 30. What are the prime factors of u?
3, 5
Let t(b) = -73*b - 3. Let w be t(-4). Suppose -4*q - 49 = -w. List the prime factors of (3 + 0)*q/9.
2, 5
Let m(k) = k**2 - 8*k + 13. Let t be m(6). Let w be t*303/(-2 + 5). Let q = w - 45. List the prime factors of q.
2, 7
Let t(y) = 2*y**3 - 2*y**2 + y. Let g be t(1). List the prime factors of ((-288)/28)/(g/(-7)).
2, 3
Let y = -2231 + 3582. What are the prime factors of y?
7, 193
Let v = -432 - 104. Let y = 761 + v. List the prime factors of y.
3, 5
Suppose -2*u - 5*g = -5412, 34*u - 31*u = 2*g + 8156. List the prime factors of u.
2, 7, 97
Let p be ((-3)/(-6))/(7/56). Suppose -p*b + b + 213 = 0. What are the prime factors of b?
71
Suppose -4*l = -l. Suppose l = 5*t + 188 - 783. What are the prime factors of t?
7, 17
Let d be (8/3)/((-18)/(-1350)). Let u = d - 106. What are the prime factors of u?
2, 47
Let t = -4 - -8. Suppose -1 = t*i - 17. Suppose i*a - a - 75 = 0. List the prime factors of a.
5
Let d(c) = 138*c**2 + 27*c + 48. List the prime factors of d(-2).
2, 3, 7, 13
Let q be (3620/40)/(1/2). Let j = q + -99. What are the prime factors of j?
2, 41
Suppose k + 5*t - 30 = -3*k, t = -4*k + 22. Suppose 3*v + 130 = k*f - 14, 5*f = 4*v + 197. Let x = -31 - v. List the prime factors of x.
2, 11
Let a(q) = 34*q**3 - q + 2. Let p be a(1). Suppose m - p - 36 = 0. What are the prime factors of m?
71
Let z be (3 - 1)*9/6 - 1. Suppose z*t + 10 = 158. What are the prime factors of t?
2, 37
Let r = 573 - 303. What are the prime factors of r?
2, 3, 5
Let u(m) = 2*m**2 - m + 1. Let f = -25 + 28. List the prime factors of u(f).
2
Let y(b) = 14*b**2. Let l be y(3). Suppose 2*z - 3*g = 3*z - 66, -2*z = 3*g - l. What are the prime factors of z?
2, 3, 5
Let t = 482 + -288. Suppose -4*x - 2*l + 4*l = -358, -2*x - 2*l = -t. Suppose 5*u = 392 - x. What are the prime factors of u?
2, 3, 5
Suppose -3050 + 9113 = 3*n. List the prime factors of n.
43, 47
Suppose -h = 5*c - 6815, h - 5452 = -4*c + 2*h. What are the prime factors of c?
29, 47
Suppose -4*w - 4*d = -12, 3*w + d - 2*d + 11 = 0. Let i = w - 2. Let q(t) = -t - 1. List the prime factors of q(i).
3
Suppose -2298 = 7*f - 13295. What are the prime factors of f?
1571
Let n(k) = 11*k**2 - 38*k + 6. Let d be n(5). Let w be (-7 - -1)/((-6)/64). Let m = d - w. What are the prime factors of m?
3
Let h = 171 + -159. Let u(f) = -f**3 + 15*f**2 - 12*f + 28. What are the prime factors of u(h)?
2, 79
Let b be 10*((7 - 0) + 1). Suppose 100 = -5*l + 4*s, 4*l = -0*l + s - b. Let o = l - -51. List the prime factors of o.
31
Suppose -2*w + 3*w = 0. Suppose -265 = -3*n + 3*p + 20, -2*p = w. What are the prime factors of n?
5, 19
Suppose g - 105 = -2*g. Let r = g - 32. Suppose r*a - 30 = 24. What are the prime factors of a?
2, 3
Suppose 0 = 14*f - 19*f - 25. Let o(u) = -u**3 + u**2 + 2*u - 9. List the prime factors of o(f).
131
Let b = -273 - -444. List the prime factors of b.
3, 19
Suppose 2*o - 34 = 4*q + 4*o, q + o = -10. Let a be q/((-6 + 3)/6). List the prime factors of a*-3*(-4)/14.
2, 3
Let y(f) = -139*f**3 + 9*f**2 - 3 + 4*f - f**2 + 138*f**3. What are the prime factors of y(8)?
29
Let v(a) = 11*a + 43. Let t(k) = -16*k - 65. Let x(l) = -5*t(l) - 8*v(l). List the prime factors of x(-12).
7, 11
List the prime factors of (6 + -5)/(-3 - 548/(-182)).
7, 13
Suppose 3*f - 5*f = -20. Let l be (-5)/5 + f*1. Suppose 60 = 14*k - l*k. What are the prime factors of k?
2, 3
Let b(p) = -72*p - 73. List the prime factors of b(-7).
431
Suppose -16 = -4*o + 4*n - 0*n, 2*o + 2*n + 4 = 0. Let h be -1*o*14/(-7). List the prime factors of ((-25)/20)/(h/(-8)).
5
Suppose 0 = 4*x - 13 - 11. List the prime factors of x/39 - (-1470)/78.
19
Let p(l) = l**2 + 6*l - 18. Let z = 22 + -9. List the prime factors of p(z).
229
Suppose -5*v + 1447 = t - 3958, 3*t + 4305 = 4*v. List the prime factors of v.
2, 3, 5
Let f = 1057 + -480. List the prime factors of f.
577
Let d = -135 + -582. What are the prime factors of 0 + d*5/(-15)?
239
Let v be (-1)/(-3)*-2 + 1626/9. Let q = 291 - v. List the prime factors of q.
3, 37
Suppose -5*w = 6*j - 2*j - 8829, -5*j = -5*w - 10980. What are the prime factors of j?
31, 71
Let v(i) = -2*i - 15. Let f be v(-12). Let u(d) = -5 + f + d + d. What are the prime factors of u(2)?
2
Suppose 2*w - 5*f + 171 + 68 = 0, 2*w = -2*f - 274. Let n be 1/3 + w/(-9). What are the prime factors of (-2 - -11)*70/n?
2, 3, 7
Let x(g) = -g - 11. Let f be x(-8). Let s be ((-2)/f)/(2/18). Suppose -y = -s*y + 145. List the prime factors of y.
29
Let y(k) = 9*k + 4. Suppose -b - 10 = -6*b. Let h(u) = 8*u + 4. Let x(v) = b*h(v) - 3*y(v). List the prime factors of x(-3).
29
What are the prime factors of (772/(-6))/(0 + (-2)/3)?
193
Let c = 1890 - -1203. List the prime factors of c.
3, 1031
Let z = -5 - -6. Let o(i) be the first derivative of 2*i**3/3 - i**2/2 + i + 8. List the prime factors of o(z).
2
Suppose 3*a = a + 12. Let x = a - 1. Suppose -p - 84 = -x*p. List the prime factors of p.
3, 7
Suppose -48*f + 4344 + 216 = 0. What are the prime factors of f?
5, 19
Let j = -60 - -86. Suppose 100 = 28*c - j*c. List the prime factors of c.
2, 5
Let c = -18 + 18. Suppose c = -0*m - 6*m + 588. What are the prime factors of m?
2, 7
Suppose -2*i = -5*o - 30, 5*i + 4*o - 13 = -4. Suppose -i*c = -3*n + 392, -2*c + 47 = -n + 204. Let j = -54 - c. List the prime factors of j.
5
Let l(s) = -s**2 + 18*s - 2. Let x be l(23). Let n = x - -240. List the prime factors of n.
3, 41
Let p = 184 + -96. Suppose j + 0*j + 5*s = p, -4*j - 3*s + 403 = 0. Let g = -71 + j. What are the prime factors of g?
2
Let h(t) = 5*t**2 + 14*t - 18. Let z(u) = u**2. Let n(i) = h(i) - 6*z(i). List the prime factors of n(12).
2, 3
Let i(z) = -z**2 - 4*z - 3. Let t be i(-2). Let d be t/2*3*2. List the prime factors of (6*d)/((-2)/(-5)).
3, 5
Suppose -97 = 3*g - 304. Let p = g - 28. List the prime factors of p.
41
Let q(a) = 467*a - 34. What are the prim